{"id":95,"date":"2024-10-14T14:17:46","date_gmt":"2024-10-14T14:17:46","guid":{"rendered":"https:\/\/kompas-zorg.nl\/?page_id=95"},"modified":"2024-10-14T14:23:45","modified_gmt":"2024-10-14T14:23:45","slug":"over-ons","status":"publish","type":"page","link":"https:\/\/kompas-zorg.nl\/index.php\/over-ons\/","title":{"rendered":"Over ons"},"content":{"rendered":"\t\t<div data-elementor-type=\"wp-page\" data-elementor-id=\"95\" class=\"elementor elementor-95\" data-elementor-post-type=\"page\">\n\t\t\t\t<div class=\"elementor-element elementor-element-aff1c0c e-flex e-con-boxed e-con e-parent\" data-id=\"aff1c0c\" data-element_type=\"container\">\n\t\t\t\t\t<div class=\"e-con-inner\">\n\t\t<div class=\"elementor-element elementor-element-48b2565 e-con-full e-flex e-con e-child\" data-id=\"48b2565\" data-element_type=\"container\">\n\t\t\t\t<div class=\"elementor-element elementor-element-bc218cb elementor-widget elementor-widget-heading\" data-id=\"bc218cb\" data-element_type=\"widget\" data-widget_type=\"heading.default\">\n\t\t\t\t<div class=\"elementor-widget-container\">\n\t\t\t<h2 class=\"elementor-heading-title elementor-size-default\">Wie zijn wij?<\/h2>\t\t<\/div>\n\t\t\t\t<\/div>\n\t\t\t\t<div class=\"elementor-element elementor-element-15f05b4 elementor-widget elementor-widget-text-editor\" data-id=\"15f05b4\" data-element_type=\"widget\" data-widget_type=\"text-editor.default\">\n\t\t\t\t<div class=\"elementor-widget-container\">\n\t\t\t\t\t\t\t<p>Kompas Zorg: Gericht op de doelen<\/p><p>Bij Kompas Zorg geloven we dat iedereen, ongeacht hun unieke achtergrond, een volwaardige plek in de maatschappij verdient. Wij zijn ervan overtuigd dat, met de juiste begeleiding, iedereen zijn eigen kracht kan ontdekken en zelfstandig kan bijdragen aan de samenleving. Welke uitdagingen je ook tegenkomt, wij staan klaar om je te ondersteunen. We onderscheiden ons door buiten de standaardoplossingen te denken. Onze zorg is volledig afgestemd op jouw persoonlijke situatie en wensen, omdat we begrijpen dat er geen universele aanpak bestaat. Samen ontwikkelen we een zorgplan dat past bij jouw unieke behoeften. Benieuwd hoe we dit aanpakken? Neem contact met ons op en ontdek hoe wij jou kunnen ondersteunen.<\/p>\t\t\t\t\t\t<\/div>\n\t\t\t\t<\/div>\n\t\t\t\t<\/div>\n\t\t<div class=\"elementor-element elementor-element-ed56a01 e-con-full e-flex e-con e-child\" data-id=\"ed56a01\" data-element_type=\"container\">\n\t\t\t\t<div class=\"elementor-element elementor-element-9a81d75 elementor-widget elementor-widget-image\" data-id=\"9a81d75\" data-element_type=\"widget\" data-widget_type=\"image.default\">\n\t\t\t\t<div class=\"elementor-widget-container\">\n\t\t\t\t\t\t\t\t\t\t\t\t\t<img fetchpriority=\"high\" decoding=\"async\" width=\"1024\" height=\"682\" src=\"https:\/\/kompas-zorg.nl\/wp-content\/uploads\/2024\/10\/2150152898-1024x682.jpg\" class=\"attachment-large size-large wp-image-30\" alt=\"\" srcset=\"https:\/\/kompas-zorg.nl\/wp-content\/uploads\/2024\/10\/2150152898-1024x682.jpg 1024w, https:\/\/kompas-zorg.nl\/wp-content\/uploads\/2024\/10\/2150152898-300x200.jpg 300w, https:\/\/kompas-zorg.nl\/wp-content\/uploads\/2024\/10\/2150152898-768x512.jpg 768w, https:\/\/kompas-zorg.nl\/wp-content\/uploads\/2024\/10\/2150152898-1536x1024.jpg 1536w, https:\/\/kompas-zorg.nl\/wp-content\/uploads\/2024\/10\/2150152898.jpg 2000w\" sizes=\"(max-width: 1024px) 100vw, 1024px\" \/>\t\t\t\t\t\t\t\t\t\t\t\t\t<\/div>\n\t\t\t\t<\/div>\n\t\t\t\t<\/div>\n\t\t\t\t\t<\/div>\n\t\t\t\t<\/div>\n\t\t<div class=\"elementor-element elementor-element-12a6edd e-flex e-con-boxed e-con e-parent\" data-id=\"12a6edd\" data-element_type=\"container\">\n\t\t\t\t\t<div class=\"e-con-inner\">\n\t\t<div class=\"elementor-element elementor-element-85abf65 e-con-full e-flex e-con e-child\" data-id=\"85abf65\" data-element_type=\"container\">\n\t\t\t\t<div class=\"elementor-element elementor-element-fdff67f elementor-widget elementor-widget-heading\" data-id=\"fdff67f\" data-element_type=\"widget\" data-widget_type=\"heading.default\">\n\t\t\t\t<div class=\"elementor-widget-container\">\n\t\t\t<h2 class=\"elementor-heading-title elementor-size-default\">Onze werkwijze\n<\/h2>\t\t<\/div>\n\t\t\t\t<\/div>\n\t\t\t\t<div class=\"elementor-element elementor-element-67c79d3 elementor-widget elementor-widget-text-editor\" data-id=\"67c79d3\" data-element_type=\"widget\" data-widget_type=\"text-editor.default\">\n\t\t\t\t<div class=\"elementor-widget-container\">\n\t\t\t\t\t\t\t<p>Bij Kompas Zorg staat maatwerk centraal in onze aanpak. Tijdens een kennismakingsgesprek met je vaste begeleider nemen we uitgebreid de tijd om jouw situatie en hulpvraag te doorgronden. Op basis daarvan stellen we samen een praktisch en doelgericht begeleidingsplan op. Indien extra ondersteuning nodig is, koppelen we je aan een van onze ervaren zorgprofessionals. Een belangrijk onderdeel van onze werkwijze is de presentie- en cultuursensitieve benadering. Dit betekent dat we nauw samenwerken om zorg te bieden die volledig aansluit op jouw persoonlijke en culturele behoeften.<\/p><p><strong>Onze doelstelling<\/strong><br \/>Bij Kompas Zorg is ons hoofddoel om cli\u00ebnten de regie over hun eigen leven terug te geven. Wij streven ernaar hen de kracht en het verantwoordelijkheidsgevoel te bieden om hun leven weer op de rails te krijgen. Dit doen we door nauwkeurig af te stemmen op de individuele wensen en behoeften van elke cli\u00ebnt, waardoor zij weer vertrouwen en overzicht in hun leven kunnen vinden. Kompas Zorg biedt stabiliteit in zowel het dagelijkse als het maatschappelijke leven van onze cli\u00ebnten.<\/p>\t\t\t\t\t\t<\/div>\n\t\t\t\t<\/div>\n\t\t\t\t<\/div>\n\t\t<div class=\"elementor-element elementor-element-13cb090 e-con-full e-flex e-con e-child\" data-id=\"13cb090\" data-element_type=\"container\">\n\t\t\t\t<div class=\"elementor-element elementor-element-8db5c6c elementor-widget elementor-widget-heading\" data-id=\"8db5c6c\" data-element_type=\"widget\" data-widget_type=\"heading.default\">\n\t\t\t\t<div class=\"elementor-widget-container\">\n\t\t\t<h2 class=\"elementor-heading-title elementor-size-default\">Onze missie<\/h2>\t\t<\/div>\n\t\t\t\t<\/div>\n\t\t\t\t<div class=\"elementor-element elementor-element-e96da88 elementor-widget elementor-widget-text-editor\" data-id=\"e96da88\" data-element_type=\"widget\" data-widget_type=\"text-editor.default\">\n\t\t\t\t<div class=\"elementor-widget-container\">\n\t\t\t\t\t\t\t<p>Bij Kompas Zorg zetten we ons in voor iedereen die extra ondersteuning nodig heeft om hun eigen kracht en zelfredzaamheid te vergroten, zodat men zelfstandig de regie over hun leven kan nemen. We bieden perspectief en helpen bijzondere mensen re-integreren in de samenleving.<\/p><p>Onze aanpak is gebaseerd op een presentie- en cultuursensitieve benadering, wat betekent dat we naast de zorgbehoevende staan en buiten traditionele kaders denken om te doen wat nodig is. Ons doel is om iedereen zo zelfstandig en volwaardig mogelijk te laten deelnemen aan de maatschappij.<\/p><p>Met onze hoogwaardige ondersteuning dragen we bij aan een zinvol bestaan voor mensen met een beperking. Onze kernwaarden zijn respect, geborgenheid, verbondenheid en verantwoordelijkheid. Wat ons uniek maakt, is dat we in onze benadering een oprechte verbinding aangaan met de cli\u00ebnt. We streven naar betekenisvolle relaties en werken samen met hen, in plaats van voor hen.<\/p><p>Onze ambitie en passie is het leven van zorgbehoevenden zo aangenaam mogelijk te maken door passende, professionele zorg en ondersteuning te bieden. We motiveren hen tot meer zelfstandigheid en helpen hen de regie over hun eigen leven terug te nemen, zodat ze volwaardig kunnen deelnemen aan de maatschappij.<\/p>\t\t\t\t\t\t<\/div>\n\t\t\t\t<\/div>\n\t\t\t\t<\/div>\n\t\t<div class=\"elementor-element elementor-element-ee21baf e-con-full e-flex e-con e-child\" data-id=\"ee21baf\" data-element_type=\"container\">\n\t\t\t\t<div class=\"elementor-element elementor-element-9640d63 elementor-widget elementor-widget-heading\" data-id=\"9640d63\" data-element_type=\"widget\" data-widget_type=\"heading.default\">\n\t\t\t\t<div class=\"elementor-widget-container\">\n\t\t\t<h2 class=\"elementor-heading-title elementor-size-default\">Onze visie<\/h2>\t\t<\/div>\n\t\t\t\t<\/div>\n\t\t\t\t<div class=\"elementor-element elementor-element-59d1fbe elementor-widget elementor-widget-text-editor\" data-id=\"59d1fbe\" data-element_type=\"widget\" data-widget_type=\"text-editor.default\">\n\t\t\t\t<div class=\"elementor-widget-container\">\n\t\t\t\t\t\t\t<p>Wij vinden het essentieel dat iedereen volwaardig deelneemt aan de maatschappij. Samen met onze cli\u00ebnten onderzoeken we wat nodig is om dit doel te bereiken. Onze zorg en dienstverlening richten zich op het inrichten van de woon- en leefomstandigheden van de cli\u00ebnt volgens hun eigen keuzes.<\/p><p>Ons streven is dat onze cli\u00ebnten in de toekomst zoveel mogelijk zelfstandig functioneren, met als doel een positieve ontwikkeling op lange termijn. Elke cli\u00ebnt is een volwaardige burger met unieke talenten, en wij zetten ons in voor hun groei, zowel individueel als binnen onze algemene dienstverlening.<\/p><p>Onze toekomstgerichte visie richt zich op het uitbreiden van beschermd wonen-initiatieven voor zorgbehoevenden. We willen dit bereiken door passende en aangename zorg te leveren, zodat onze cli\u00ebnten zich volledig kunnen ontplooien en integreren in de maatschappij. Ons doel is een omgeving te cre\u00ebren waarin elke cli\u00ebnt zich gewaardeerd en ondersteund voelt, en waarin ze de kans krijgen om hun volledige potentieel te benutten.<\/p><p>Bij Kompas Zorg zijn we continu in ontwikkeling. We streven ernaar onze diensten te verbeteren en te innoveren, om de best mogelijke zorg en ondersteuning te bieden. We zijn vastberaden om een positieve impact te hebben op het leven van onze cli\u00ebnten en de bredere gemeenschap.<\/p><p>Dit is de kern van onze missie en visie: het versterken van individuen en het bevorderen van een inclusieve samenleving waarin iedereen de kans krijgt\u00a0om\u00a0te\u00a0floreren.<\/p>\t\t\t\t\t\t<\/div>\n\t\t\t\t<\/div>\n\t\t\t\t<\/div>\n\t\t\t\t\t<\/div>\n\t\t\t\t<\/div>\n\t\t\t\t<\/div>\n\t\t","protected":false},"excerpt":{"rendered":"<p>Wie zijn wij? Kompas Zorg: Gericht op de doelen Bij Kompas Zorg geloven we dat iedereen, ongeacht hun unieke achtergrond, [&hellip;]<\/p>\n","protected":false},"author":1,"featured_media":0,"parent":0,"menu_order":0,"comment_status":"closed","ping_status":"closed","template":"","meta":{"site-sidebar-layout":"no-sidebar","site-content-layout":"","ast-site-content-layout":"full-width-container","site-content-style":"default","site-sidebar-style":"default","ast-global-header-display":"","ast-banner-title-visibility":"","ast-main-header-display":"","ast-hfb-above-header-display":"","ast-hfb-below-header-display":"","ast-hfb-mobile-header-display":"","site-post-title":"disabled","ast-breadcrumbs-content":"","ast-featured-img":"disabled","footer-sml-layout":"","theme-transparent-header-meta":"","adv-header-id-meta":"","stick-header-meta":"","header-above-stick-meta":"","header-main-stick-meta":"","header-below-stick-meta":"","astra-migrate-meta-layouts":"default","ast-page-background-enabled":"default","ast-page-background-meta":{"desktop":{"background-color":"var(--ast-global-color-4)","background-image":"","background-repeat":"repeat","background-position":"center center","background-size":"auto","background-attachment":"scroll","background-type":"","background-media":"","overlay-type":"","overlay-color":"","overlay-opacity":"","overlay-gradient":""},"tablet":{"background-color":"","background-image":"","background-repeat":"repeat","background-position":"center center","background-size":"auto","background-attachment":"scroll","background-type":"","background-media":"","overlay-type":"","overlay-color":"","overlay-opacity":"","overlay-gradient":""},"mobile":{"background-color":"","background-image":"","background-repeat":"repeat","background-position":"center center","background-size":"auto","background-attachment":"scroll","background-type":"","background-media":"","overlay-type":"","overlay-color":"","overlay-opacity":"","overlay-gradient":""}},"ast-content-background-meta":{"desktop":{"background-color":"var(--ast-global-color-5)","background-image":"","background-repeat":"repeat","background-position":"center center","background-size":"auto","background-attachment":"scroll","background-type":"","background-media":"","overlay-type":"","overlay-color":"","overlay-opacity":"","overlay-gradient":""},"tablet":{"background-color":"var(--ast-global-color-5)","background-image":"","background-repeat":"repeat","background-position":"center center","background-size":"auto","background-attachment":"scroll","background-type":"","background-media":"","overlay-type":"","overlay-color":"","overlay-opacity":"","overlay-gradient":""},"mobile":{"background-color":"var(--ast-global-color-5)","background-image":"","background-repeat":"repeat","background-position":"center center","background-size":"auto","background-attachment":"scroll","background-type":"","background-media":"","overlay-type":"","overlay-color":"","overlay-opacity":"","overlay-gradient":""}},"footnotes":""},"class_list":["post-95","page","type-page","status-publish","hentry"],"_links":{"self":[{"href":"https:\/\/kompas-zorg.nl\/index.php\/wp-json\/wp\/v2\/pages\/95","targetHints":{"allow":["GET"]}}],"collection":[{"href":"https:\/\/kompas-zorg.nl\/index.php\/wp-json\/wp\/v2\/pages"}],"about":[{"href":"https:\/\/kompas-zorg.nl\/index.php\/wp-json\/wp\/v2\/types\/page"}],"author":[{"embeddable":true,"href":"https:\/\/kompas-zorg.nl\/index.php\/wp-json\/wp\/v2\/users\/1"}],"replies":[{"embeddable":true,"href":"https:\/\/kompas-zorg.nl\/index.php\/wp-json\/wp\/v2\/comments?post=95"}],"version-history":[{"count":4,"href":"https:\/\/kompas-zorg.nl\/index.php\/wp-json\/wp\/v2\/pages\/95\/revisions"}],"predecessor-version":[{"id":99,"href":"https:\/\/kompas-zorg.nl\/index.php\/wp-json\/wp\/v2\/pages\/95\/revisions\/99"}],"wp:attachment":[{"href":"https:\/\/kompas-zorg.nl\/index.php\/wp-json\/wp\/v2\/media?parent=95"}],"curies":[{"name":"wp","href":"https:\/\/api.w.org\/{rel}","templated":true}]}}